e 3 - 2 - (0 - 1). Let s(k) = 2*k**2 + k - 2. Give s(y).
8
Let c be -4 - (-3 + (-9)/3). Let p(x) = 2*x**2 - x - c*x**2 + x**2 + 4*x. Determine p(-5).
10
Let f(v) be the third derivative of 2*v**2 + 1/60*v**5 + 0*v**4 + 0*v - 1/6*v**3 + 0. Let u = -1 - 0. Determine f(u).
0
Let l(m) = m**3 - 6*m**2 + 5*m - 4. Let u be (-5)/((-45)/(-6))*-6. Suppose 0*x - u*x = -8. Suppose 0 = x*b - 10. What is l(b)?
-4
Let k(c) = -c**2 - 1. Let v be 0 - 2 - (-16 + 16). What is k(v)?
-5
Suppose l = 4*l - 5*k + 14, 4*l - 28 = -5*k. Let h(n) = -2*n**2 + 3*n - 2. What is h(l)?
-4
Let a(i) = -6*i**2 + 4*i - 12*i**2 - 7*i**2 + 26*i**2 + 2. Calculate a(-3).
-1
Let l(k) = k**2 + 3*k - 6. Let y(x) = -2*x**2 - 7*x + 11. Let r(o) = -7*l(o) - 4*y(o). Give r(-6).
-8
Let p(l) = -6*l - 6*l**2 + 1 + 2 - l**3 + 2*l. Suppose -4*g + 16 = 0, 5*v + 0*v - 5*g + 50 = 0. Let o = -11 - v. Calculate p(o).
-2
Let z = 24 + -20. Let t(o) be the first derivative of o**3/3 - 5*o**2/2 - o - 3. Determine t(z).
-5
Let a(b) be the second derivative of -4*b**3/3 - 11*b**2/2 + 4*b. Let s(u) = 12*u + 17. Let y(m) = -8*a(m) - 5*s(m). Determine y(-3).
-9
Suppose 0 = -o + 2*t - 2, -10*t + 11*t = o + 3. Let m(v) = 0*v - v**2 + 3 + 0*v. What is m(o)?
-13
Let i(f) = 2*f - 10. Let h be i(7). Let k(n) be the third derivative of -1/24*n**h + 1/3*n**3 + 0 + 0*n - n**2. What is k(-4)?
6
Let s(j) = -5*j - 4. Let b(g) = -2*g + 5. Let z be b(5). Let m(q) = 6*q + 5. Let a(k) = z*s(k) - 4*m(k). What is a(4)?
4
Let s(a) = -a. Let l be s(-2). Suppose 0 = 2*c + l*c. Let y(j) = -j + 2. Calculate y(c).
2
Let d = 123 + -122. Let k(j) = -16*j**2 - j. Give k(d).
-17
Let w(t) = -3 - 3 - 5*t + 7 + 2. Let s = 6 + -4. What is w(s)?
-7
Let d = -3 - -6. Suppose -d*s = 2*s - 30. Let g(j) = j**2 - 5*j - 8. Determine g(s).
-2
Let q(p) = -p**2 + 10*p + 13. Let w be q(11). Let h be ((-8)/10)/(4/(-10)). Let a(s) = s**2 - 2*s - s**3 + 0*s**h - 4 - 2*s - 5*s**w. What is a(-3)?
-1
Let a be (-84)/(-18) + -2 + 21/9. Let y(h) be the second derivative of -h**4/12 + h**3 - h**2/2 + h. Give y(a).
4
Let a(g) be the third derivative of -g**8/20160 - g**7/1260 + 3*g**5/20 + 7*g**2. Let v(h) be the third derivative of a(h). Give v(-2).
4
Let j(d) = d**3 - 5*d**2 + 4*d + 5. Let l(r) = -r**2 + 3*r. Let w be l(2). Let y(c) = -3*c - 2*c**2 + 6*c**3 + 2 - c**3 - 3*c**3. Let s be y(w). Calculate j(s).
5
Let r(m) = m**3 + m**2 + m - 2. Let y(a) = -3*a**3 - 3*a**2 - 2*a + 5. Let w(j) = -8*r(j) - 3*y(j). Let s be 4/(-14) + 54/42. What is w(s)?
1
Let n(t) = t**2 - 5. Let q(w) = -w**3 + 9*w**2 - 8*w. Let u be q(8). Calculate n(u).
-5
Let o(w) = -4*w**3 + 2*w**2 + 2*w + 4. Let a be 30/(-12)*(3 - 1). Let u(b) = -7*b**3 + 3*b**2 + 4*b + 7. Let y(s) = a*o(s) + 3*u(s). Give y(-1).
-1
Let n(p) = 167 + 176 + 2*p - 342. Calculate n(-3).
-5
Let b(p) = -2*p - 4. Suppose -20 = -4*z + 3*z. Suppose 3*n - 15 = 4*l, -3*n - n = l - z. Determine b(n).
-14
Let o be (-1 - -1)/((-4)/(-2)). Suppose 5*d - 4 - 6 = o. Let n(a) = 6 - a**d - 6*a + 5*a + a**3 + 0*a**3. Calculate n(0).
6
Let q(v) = -5*v - 5. Suppose 2*h - 1 = -3*u, -3*h - 3 = -3*u + 18. What is q(h)?
15
Let k(q) = 8*q**2 - 1. Let x be (-1)/(-2)*(-2)/1. Calculate k(x).
7
Suppose 0 = -13*g + 5*g + 40. Let d(m) = -m + 4. Let a be d(0). Let p(y) = -a*y**2 - 2*y**3 + y**3 - g*y - 2*y**2. Determine p(-5).
0
Let b(z) = 3*z - 3. Let d(g) = 7*g - 4. Let s(k) = -5*b(k) + 2*d(k). Calculate s(5).
2
Let y = -7 + 6. Suppose 0 = -3*h + c + 22, -2*h - h + 42 = 3*c. Let w(f) = 9 - 9 - h*f. Calculate w(y).
9
Let q(n) be the third derivative of 1/6*n**4 + 1/20*n**5 + 1/3*n**3 + 0*n + 0 + 2*n**2. Let c = -3 - -1. Determine q(c).
6
Let n be (0/(-2))/(-4 + 5). Let z(h) = 2 - h + n + 0. Determine z(-3).
5
Let c(b) = -3*b**2 - b + 2. Let o(r) = -16*r**2 - 6*r + 11. Suppose 4*v = -0*v + 44. Let q(k) = v*c(k) - 2*o(k). Give q(3).
-6
Suppose 0 = -5*n - a - a - 28, -2*n - a - 11 = 0. Let w(h) = h**2 + 7*h + 7. Give w(n).
1
Let f(n) be the third derivative of -n**4/24 + 11*n**3/6 - 12*n**2. Give f(14).
-3
Let x(s) = -s**3 - 6*s**2 + 2*s + 14. Let b be x(-6). Let u(w) = w**3 - 4*w**2 + 4*w - 2. Calculate u(b).
-2
Let w be (-42)/56 + (-7)/(-4). Let c be (-6 - -2)/(-1 - 1). Let l(s) = -5*s**3 + 2*s**2 - 2*s - 1 + c*s. Determine l(w).
-4
Let t(a) = a**3 + 6*a**2 - a. Suppose 5 + 19 = -4*f. What is t(f)?
6
Let n(o) be the third derivative of -o**6/720 - o**5/24 + o**4/12 - 3*o**2. Let a(y) be the second derivative of n(y). Determine a(0).
-5
Let u(v) = 8*v + 58. Let d be u(-7). Let o(j) be the first derivative of -1/2*j**d + 2 + 0*j - 2/3*j**3. Determine o(-1).
-1
Let z(a) be the first derivative of 5*a**2/2 + 7*a + 2. Let d(m) = -m - 1. Let n(t) = 4*d(t) + z(t). Give n(0).
3
Let g = -11 + 14. Let o(q) be the second derivative of 0 - 2/3*q**g - q - 1/12*q**4 - 1/2*q**2. Give o(-2).
3
Let i(n) = 3*n. Let k(p) = -4*p. Let a(m) = 3*i(m) + 2*k(m). Let o be 2/7 + 90/(-21). Calculate a(o).
-4
Let m(q) = -q**3 - 6*q**2 + 2*q + 8. Let y = 4 - 26. Let h = y + 16. Let c be m(h). Let p(j) = -j**2 - 6*j - 2. Determine p(c).
6
Let x(z) = -16*z + 7. Let g(t) = -7*t + 3. Let p(m) = -9*g(m) + 4*x(m). What is p(1)?
0
Let x(h) = -h**3 - 2*h**2 - 3*h. Let v = -55 + 53. Determine x(v).
6
Let s(b) = -b**2 - 7*b - 1 + 6 + 3*b. What is s(-5)?
0
Let m = 5 + -9. Let o(x) = -x**3 - 4*x**2 + 2*x + 6. Calculate o(m).
-2
Let n(p) = -p**2 + 4*p. Suppose -5*k - 20 = y, -3*k + 3 + 2 = 4*y. Let v(z) = z**3 - 5*z**2 + 3. Let a be v(y). Calculate n(a).
3
Let p(y) be the second derivative of -5*y**3/6 + y**2/2 - 11*y. Calculate p(-1).
6
Suppose x = -3*a + 2*x - 22, 16 = -2*a + x. Suppose -20 = -6*r + 2*r, 4*r = 3*c - 1. Let t(n) = 0*n + 3*n - n + c. Determine t(a).
-5
Let t be -8 + 8 - (-2 + 1). Let n(v) be the third derivative of -v**5/10 + v**3/6 + 9*v**2. Calculate n(t).
-5
Let l be -1 - (5 - (-1 + 7)). Let x(g) = g**2 + g + 1. Let p(m) = 5*m**2 + 4*m - 6. Let v(j) = p(j) - 4*x(j). Determine v(l).
-10
Let g(k) = -k - 1. Let s = -21 + 15. Determine g(s).
5
Let z(c) be the first derivative of c**4/4 - 4*c**3/3 + 3*c**2/2 - 6*c - 10. Give z(4).
6
Let u(l) = 4*l - 2. Suppose 3*o + o - 20 = 0. Determine u(o).
18
Let h be 38/7 + (-12)/28. Let k(s) = s - 4. Determine k(h).
1
Suppose -4*o = o - 70. Let a = 10 - o. Let f(y) = -y**3 - 3*y**2 + 6*y + 6. Calculate f(a).
-2
Let i(k) = -k - 14. Let r be i(-15). Let m(v) = 5*v**2 + 2*v - 1. Calculate m(r).
6
Let k(m) = -m**2 - 10*m + 7*m**2 - m**3 + 4*m - 5. Calculate k(5).
-10
Suppose 4*l - 25 = b, -29 + 9 = 3*b - l. Let q = -3 - b. Let w(u) = -3*u - 13. Let v(a) = -a - 6. Let k(p) = 7*v(p) - 3*w(p). Determine k(q).
1
Let u(m) = -7 - 5 + 17 + 2*m - 8. Give u(6).
9
Let p(d) = d**2 - 2*d - 6. Suppose 2*k - 20 = -2*k. Determine p(k).
9
Let f = -5 + 9. Let m be (3 - 2)*(-3 - -2). Let s be m*(-3 - (2 - f)). Let b(h) = -2*h**3 + h. Determine b(s).
-1
Let k(q) = -6*q - 2. Let o(w) = 5*w + 3. Let m(t) = -2*k(t) - 3*o(t). Let h(i) = -2*i**2 + 3*i + 4. Let z be h(3). Give m(z).
10
Let r be ((-96)/30)/8 + 2/5. Let i(j) = -j + 5. Let s(n) = 3*n - 10. Let m(v) = -5*i(v) - 2*s(v). Give m(r).
-5
Let l be (-10)/(-8)*(-8)/2. Let n(t) = 3*t**3 - 8*t**2 + 8*t - 1. Let r(i) = -3*i**3 + 9*i**2 - 9*i + 1. Let h(j) = l*r(j) - 6*n(j). What is h(2)?
-17
Let q(l) = -3*l**2 + 8*l - 4. Let n(t) = 4*t**2 - 8*t + 5. Let v(b) = -2*n(b) - 3*q(b). Give v(3).
-13
Let v be 75/10 + 1/(-2). Let t = 2 - v. Let l(j) = j + 8. What is l(t)?
3
Let k = -1 - -2. Let x(w) = 9*w + 1. Let m(y) = -y. Let p(q) = 4*m(q) + x(q). What is p(k)?
6
Let r(j) = -4*j - 2*j + 2 + 0*j + 3*j. Let h = 27 + -15. Let n be 9/h - (-9)/4. Give r(n).
-7
Let r(h) = h**3 + 24*h**2 + 23*h. Let l be r(-23). Suppose 4*s - 1 - 1 = -a, 0 = 3*a - 2*s - 6. Let f(i) = 4 + 4*i**2 - i**3 - 4*i**a. What is f(l)?
4
Let m(w) = 14*w**3 - w + 1. Suppose -19*f + 19 = -0. Determine m(f).
14
Let t(b) = 3*b - 9. Suppose -c = 2 - 7. Let i(j) = -2*j + 4. Let h(y) = c*i(y) + 3*t(y). Let g be (6/5)/(3/(-10)). Give h(g).
-3
Let h(x) = 2*x - 60*x**2 + 2 + 62*x**2 - 6*x. Suppose 5*f + 3*n - 6 = 0, 0*f + 5*f + 4*n = 3. Suppose 7*c - 8 = f*c. What is h(c)?
2
Let o be (-1 + -2)*(-2)/3. Let a(u) be the first derivative of u**3/3 + u**2/2 - 2*u + 1. Calculate a(o).
4
Suppose 0 = 2*u + 3*u - 5. Suppose 1 = f - u. Suppose f*q + 2*p = 8, 4*q - p 